 92?
87
Calculate the remainder when 154357 is divided by 4166.
215
What is the remainder when 1439937 is divided by 6770?
4697
Calculate the remainder when 142957 is divided by 71463.
31
Calculate the remainder when 5880834 is divided by 35.
29
What is the remainder when 94008 is divided by 2607?
156
Calculate the remainder when 3213027 is divided by 3212898.
129
Calculate the remainder when 26983677 is divided by 480.
477
Calculate the remainder when 12109260 is divided by 41.
33
What is the remainder when 989698 is divided by 4519?
37
What is the remainder when 1907644 is divided by 552?
484
What is the remainder when 28771805 is divided by 416?
413
Calculate the remainder when 14838787 is divided by 895.
582
What is the remainder when 33141988 is divided by 4472?
4468
What is the remainder when 59932 is divided by 349?
253
Calculate the remainder when 1341431 is divided by 32.
23
Calculate the remainder when 1076802 is divided by 1793.
1002
What is the remainder when 11427642 is divided by 1904597?
60
Calculate the remainder when 7968801 is divided by 166016.
33
What is the remainder when 372896 is divided by 1249?
694
Calculate the remainder when 881633 is divided by 13.
12
What is the remainder when 5016834 is divided by 551?
530
What is the remainder when 1041520 is divided by 1040953?
567
Calculate the remainder when 18004934 is divided by 2000547.
11
Calculate the remainder when 6602 is divided by 1071.
176
What is the remainder when 1430413 is divided by 44699?
45
Calculate the remainder when 1111970 is divided by 482.
478
Calculate the remainder when 6621292 is divided by 26.
2
Calculate the remainder when 622070 is divided by 4148.
4018
Calculate the remainder when 754673 is divided by 9200.
273
What is the remainder when 266815 is divided by 66698?
23
Calculate the remainder when 193951 is divided by 2515.
296
Calculate the remainder when 3554387 is divided by 1184764.
95
What is the remainder when 45367975 is divided by 381?
19
What is the remainder when 17681533 is divided by 591?
586
What is the remainder when 10997425 is divided by 205?
200
What is the remainder when 47024 is divided by 45531?
1493
Calculate the remainder when 510329 is divided by 15934.
441
What is the remainder when 1706805 is divided by 853402?
1
Calculate the remainder when 4884403 is divided by 2825.
2803
What is the remainder when 9104918 is divided by 1011648?
86
What is the remainder when 102925 is divided by 2054?
225
What is the remainder when 2021232 is divided by 96249?
3
What is the remainder when 1573237 is divided by 2004?
97
What is the remainder when 13280880 is divided by 592?
544
Calculate the remainder when 91454054 is divided by 22000.
54
Calculate the remainder when 306347255 is divided by 256.
247
What is the remainder when 7363 is divided by 534?
421
Calculate the remainder when 198545 is divided by 198.
149
What is the remainder when 18435 is divided by 4787?
4074
Calculate the remainder when 18513159 is divided by 2455.
4
What is the remainder when 306050 is divided by 1567?
485
What is the remainder when 2129104 is divided by 106450?
104
Calculate the remainder when 178707 is divided by 432.
291
Calculate the remainder when 110658 is divided by 36880.
18
What is the remainder when 3296389 is divided by 1302?
1027
What is the remainder when 2837651 is divided by 15506?
53
What is the remainder when 22346667 is divided by 43?
40
Calculate the remainder when 79766862 is divided by 19.
17
Calculate the remainder when 65965656 is divided by 73.
9
Calculate the remainder when 95089878 is divided by 5481.
9
What is the remainder when 849207 is divided by 212293?
35
Calculate the remainder when 618751 is divided by 105.
91
Calculate the remainder when 787780 is divided by 157555.
5
Calculate the remainder when 946209 is divided by 28617.
1848
What is the remainder when 53396340 is divided by 19235?
19215
What is the remainder when 388061 is divided by 956?
881
What is the remainder when 441538 is divided by 146944?
706
What is the remainder when 893983178 is divided by 122?
118
What is the remainder when 9413524 is divided by 69?
61
Calculate the remainder when 2979239 is divided by 3390.
2819
What is the remainder when 1349763 is divided by 912?
3
Calculate the remainder when 83230 is divided by 4220.
3050
Calculate the remainder when 10786849 is divided by 1682.
183
Calculate the remainder when 151321 is divided by 151284.
37
What is the remainder when 553042 is divided by 178?
174
What is the remainder when 45786182 is divided by 33?
2
Calculate the remainder when 515056 is divided by 257132.
792
Calculate the remainder when 12094206 is divided by 28.
26
Calculate the remainder when 3061711 is divided by 1620.
1531
What is the remainder when 12453601 is divided by 11?
6
What is the remainder when 6462421 is divided by 740?
1
What is the remainder when 36136937 is divided by 2876?
2873
What is the remainder when 5383489 is divided by 1794479?
52
Calculate the remainder when 1480138 is divided by 4744.
10
Calculate the remainder when 2036055 is divided by 75409.
12
What is the remainder when 3461212 is divided by 15591?
10
What is the remainder when 509952 is divided by 42465?
372
What is the remainder when 2515187 is divided by 867?
20
What is the remainder when 218943 is divided by 108721?
1501
What is the remainder when 153636077 is divided by 1040?
1037
What is the remainder when 460364 is divided by 30689?
29
What is the remainder when 46671641 is divided by 221?
198
Calculate the remainder when 489286 is divided by 24.
22
Calculate the remainder when 1061591 is divided by 6677.
6625
What is the remainder when 57914908 is divided by 640?
28
What is the remainder when 17751 is divided by 5219?
2094
What is the remainder when 1143730 is divided by 1533?
112
What is the remainder when 606908833 is divided by 1654?
1651
What is the remainder when 57152302 is divided by 513?
511
What is the remainder when 7246747 is divided by 168525?
172
What is the remainder when 52835587 is divided by 371?
364
What is the remainder when 189075 is divided by 37?
5
What is the remainder when 20490031 is divided by 599?
38
What is the remainder when 518476 is divided by 7927?
3221
What is the remainder when 268725148 is divided by 6813?
6802
What is the remainder when 1113410 is divided by 1113393?
17
Calculate the remainder when 7475760 is divided by 14.
12
What is the remainder when 47790866 is divided by 33?
2
What is the remainder when 40661 is divided by 5746?
439
What is the remainder when 838823 is divided by 45?
23
Calculate the remainder when 249766 is divided by 15603.
118
Calculate the remainder when 125685825 is divided by 2783.
2762
Calculate the remainder when 8078838 is divided by 88.
86
Calculate the remainder when 48012050 is divided by 1008.
2
Calculate the remainder when 6218257 is divided by 163.
133
What is the remainder when 1283036 is divided by 183290?
6
What is the remainder when 42468524 is divided by 12?
8
What is the remainder when 656262 is divided by 655019?
1243
Calculate the remainder when 63234 is divided by 1176.
906
Calculate the remainder when 1730653 is divided by 36.
25
What is the remainder when 134822 is divided by 7879?
879
Calculate the remainder when 6435131 is divided by 1251.
1238
Calculate the remainder when 147010 is divided by 6392.
6386
Calculate the remainder when 256499 is divided by 25643.
69
What is the remainder when 50862735 is divided by 2770?
2765
What is the remainder when 3688107 is divided by 1229352?
51
What is the remainder when 2385315 is divided by 1192575?
165
What is the remainder when 55261626 is divided by 18420514?
84
What is the remainder when 1894 is divided by 843?
208
Calculate the remainder when 5873129 is divided by 587308.
49
Calculate the remainder when 10411011 is divided by 70342.
395
What is the remainder when 5586688 is divided by 751?
750
What is the remainder when 55324 is divided by 3914?
528
What is the remainder when 435144 is divided by 108393?
1572
Calculate the remainder when 621935 is divided by 17769.
20
Calculate the remainder when 637477 is divided by 167.
38
Calculate the remainder when 480533 is divided by 4711.
11
What is the remainder when 59758005 is divid